{"id":15231,"date":"2025-01-26T21:01:44","date_gmt":"2025-01-26T21:01:44","guid":{"rendered":"https:\/\/reykjavikhistorichome.webdev.is\/?page_id=15231"},"modified":"2025-01-27T08:57:26","modified_gmt":"2025-01-27T08:57:26","slug":"what-to-do-in-iceland","status":"publish","type":"page","link":"https:\/\/reykjavikhistorichome.webdev.is\/index.php\/what-to-do-in-iceland\/","title":{"rendered":"WHAT TO DO IN ICELAND"},"content":{"rendered":"<div class=\"wpb-content-wrapper\"><p>[vc_row css_animation=&#8221;&#8221; row_type=&#8221;row&#8221; use_row_as_full_screen_section=&#8221;no&#8221; type=&#8221;grid&#8221; angled_section=&#8221;no&#8221; text_align=&#8221;left&#8221; background_image_as_pattern=&#8221;without_pattern&#8221; z_index=&#8221;&#8221; padding_top=&#8221;30&#8243; padding_bottom=&#8221;30&#8243; transition_delay=&#8221;0.3&#8243;][vc_column][vc_column_text css=&#8221;&#8221;]<\/p>\n<h2 style=\"text-align: center;\">WHAT TO DO IN ICELAND<\/h2>\n<p>[\/vc_column_text][vc_empty_space height=&#8221;20px&#8221;][vc_separator type=&#8221;transparent&#8221; down=&#8221;38&#8243; up=&#8221;20&#8243;]<div class='q_masonry_blog'><div class=\"q_masonry_blog_grid_sizer\"><\/div><div class=\"q_masonry_blog_grid_gutter\"><\/div><article class=\"post-15810 post type-post status-publish format-standard has-post-thumbnail hentry category-food category-travel-tips\"><div class=\"q_masonry_blog_post_image\"><a itemprop=\"url\" href=\"https:\/\/reykjavikhistorichome.webdev.is\/index.php\/2025\/01\/26\/top-5-restaurants-in-reykjavik\/\" target=\"_self\"><img decoding=\"async\" itemprop=\"image\" src=\"https:\/\/reykjavikhistorichome.webdev.is\/wp-content\/uploads\/2025\/01\/apotek.jpg\" alt=\"\" \/><\/a><\/div><div class=\"q_masonry_blog_post_text\"><h5 itemprop=\"name\" class=\"q_masonry_blog_title entry_title\"><a itemprop=\"url\" href=\"https:\/\/reykjavikhistorichome.webdev.is\/index.php\/2025\/01\/26\/top-5-restaurants-in-reykjavik\/\">Top 5 restaurants in Reykjavik<\/a><\/h5><p itemprop=\"description\" class=\"q_masonry_blog_excerpt\">Reykjavik is home to a vibrant culinary scene that blends tradition, creativity, and top-notch ingredients. As someone who cherishes great food, I\u2019ve discovered a handful of restaurants in the city that consistently deliver exceptional dining experiences. He...<\/p><div class=\"q_masonry_blog_post_info\"><\/div><\/div><\/article><article class=\"post-15461 post type-post status-publish format-standard has-post-thumbnail hentry category-travel-tips\"><div class=\"q_masonry_blog_post_image\"><a itemprop=\"url\" href=\"https:\/\/reykjavikhistorichome.webdev.is\/index.php\/2025\/01\/14\/concierge-service-in-reykjavik\/\" target=\"_self\"><img decoding=\"async\" itemprop=\"image\" src=\"https:\/\/reykjavikhistorichome.webdev.is\/wp-content\/uploads\/2025\/01\/HOMEThoraIceland-1_w_194857-scaled.jpg\" alt=\"\" \/><\/a><\/div><div class=\"q_masonry_blog_post_text\"><h5 itemprop=\"name\" class=\"q_masonry_blog_title entry_title\"><a itemprop=\"url\" href=\"https:\/\/reykjavikhistorichome.webdev.is\/index.php\/2025\/01\/14\/concierge-service-in-reykjavik\/\">Concierge Service in Reykjavik<\/a><\/h5><p itemprop=\"description\" class=\"q_masonry_blog_excerpt\">When visiting Reykjavik, your experience should be as seamless and enriching as possible. That\u2019s why we at Reykjavik Historic Home proudly offer a comprehensive concierge service, ensuring your time in Iceland is nothing short of extraordinary....<\/p><div class=\"q_masonry_blog_post_info\"><\/div><\/div><\/article><article class=\"post-15867 post type-post status-publish format-standard has-post-thumbnail hentry category-historic-houses\"><div class=\"q_masonry_blog_post_image\"><a itemprop=\"url\" href=\"https:\/\/reykjavikhistorichome.webdev.is\/index.php\/2025\/01\/13\/a-historic-gem-in-reykjavik\/\" target=\"_self\"><img decoding=\"async\" itemprop=\"image\" src=\"https:\/\/reykjavikhistorichome.webdev.is\/wp-content\/uploads\/2025\/01\/Screenshot-2025-01-27-at-11.34.00.png\" alt=\"\" \/><\/a><\/div><div class=\"q_masonry_blog_post_text\"><h5 itemprop=\"name\" class=\"q_masonry_blog_title entry_title\"><a itemprop=\"url\" href=\"https:\/\/reykjavikhistorichome.webdev.is\/index.php\/2025\/01\/13\/a-historic-gem-in-reykjavik\/\">A HISTORIC GEM IN REYKJAVIK<\/a><\/h5><p itemprop=\"description\" class=\"q_masonry_blog_excerpt\">On June 26th, 1881, an unusual event occurred in Hafnir on the Reykjanes peninsula when a large and powerful sailing ship drifted ashore in a storm. The Jamestown had been drifting unoccupied on the high seas for months. When it ran aground, it was a......<\/p><div class=\"q_masonry_blog_post_info\"><\/div><\/div><\/article><article class=\"post-15155 post type-post status-publish format-standard has-post-thumbnail hentry category-historic-houses\"><div class=\"q_masonry_blog_post_image\"><a itemprop=\"url\" href=\"https:\/\/reykjavikhistorichome.webdev.is\/index.php\/2025\/01\/12\/historic-houses\/\" target=\"_self\"><img decoding=\"async\" itemprop=\"image\" src=\"https:\/\/reykjavikhistorichome.webdev.is\/wp-content\/uploads\/2025\/01\/Historic-Villa-.jpg\" alt=\"\" \/><\/a><\/div><div class=\"q_masonry_blog_post_text\"><h5 itemprop=\"name\" class=\"q_masonry_blog_title entry_title\"><a itemprop=\"url\" href=\"https:\/\/reykjavikhistorichome.webdev.is\/index.php\/2025\/01\/12\/historic-houses\/\">WHAT MAKES OUR PROPERTIES SO SPECIAL<\/a><\/h5><p itemprop=\"description\" class=\"q_masonry_blog_excerpt\">Our properties are more than just places to stay\u2014they\u2019re a reflection of our passion for Reykjavik\u2019s history and our commitment to excellent hospitality. ...<\/p><div class=\"q_masonry_blog_post_info\"><\/div><\/div><\/article><article class=\"post-36 post type-post status-publish format-standard has-post-thumbnail hentry category-travel-tips\"><div class=\"q_masonry_blog_post_image\"><a itemprop=\"url\" href=\"https:\/\/reykjavikhistorichome.webdev.is\/index.php\/2025\/01\/04\/what-to-do-in-reykjavik\/\" target=\"_self\"><img decoding=\"async\" itemprop=\"image\" src=\"https:\/\/reykjavikhistorichome.webdev.is\/wp-content\/uploads\/2025\/01\/northern-lights-in-reykjavik-hallgrimskirkja.jpg\" alt=\"\" \/><\/a><\/div><div class=\"q_masonry_blog_post_text\"><h5 itemprop=\"name\" class=\"q_masonry_blog_title entry_title\"><a itemprop=\"url\" href=\"https:\/\/reykjavikhistorichome.webdev.is\/index.php\/2025\/01\/04\/what-to-do-in-reykjavik\/\">WHAT TO DO IN REYKJAVIK?<\/a><\/h5><p itemprop=\"description\" class=\"q_masonry_blog_excerpt\">Reykjavik, the charming capital of Iceland, is a city packed with culture, history, and stunning scenery. Whether you\u2019re visiting for a day or a week, downtown Reykjavik offers plenty to explore. Here\u2019s a guide to some of the city\u2019s must-see attractions,...<\/p><div class=\"q_masonry_blog_post_info\"><\/div><\/div><\/article><article class=\"post-15872 post type-post status-publish format-standard has-post-thumbnail hentry category-historic-houses\"><div class=\"q_masonry_blog_post_image\"><a itemprop=\"url\" href=\"https:\/\/reykjavikhistorichome.webdev.is\/index.php\/2025\/01\/01\/the-rock-village\/\" target=\"_self\"><img decoding=\"async\" itemprop=\"image\" src=\"https:\/\/reykjavikhistorichome.webdev.is\/wp-content\/uploads\/2025\/01\/Screenshot-2025-01-27-at-11.38.38.png\" alt=\"\" \/><\/a><\/div><div class=\"q_masonry_blog_post_text\"><h5 itemprop=\"name\" class=\"q_masonry_blog_title entry_title\"><a itemprop=\"url\" href=\"https:\/\/reykjavikhistorichome.webdev.is\/index.php\/2025\/01\/01\/the-rock-village\/\">THE ROCK VILLAGE<\/a><\/h5><p itemprop=\"description\" class=\"q_masonry_blog_excerpt\">The Luxurious villa was built in Rock Village in 1915. Grj\u00f3ta\u00feorp (Rock Village) derives its name from Grj\u00f3ti, one of eight smallholdings on the estate of Reykjav\u00edk in the 18th century. The farmstead stood here on Grj\u00f3tabrekka (Grj\u00f3ti Slope) at the top o...<\/p><div class=\"q_masonry_blog_post_info\"><\/div><\/div><\/article><\/div>[\/vc_column][\/vc_row][vc_row css_animation=&#8221;&#8221; row_type=&#8221;row&#8221; use_row_as_full_screen_section=&#8221;no&#8221; type=&#8221;full_width&#8221; angled_section=&#8221;no&#8221; text_align=&#8221;left&#8221; background_image_as_pattern=&#8221;without_pattern&#8221;][vc_column][vc_column_text css=&#8221;&#8221;]I am text block. Click edit button to change this text. Lorem ipsum dolor sit amet, consectetur adipiscing elit. Ut elit tellus, luctus nec ullamcorper mattis, pulvinar dapibus leo.[\/vc_column_text][\/vc_column][\/vc_row][vc_row css_animation=&#8221;&#8221; row_type=&#8221;row&#8221; use_row_as_full_screen_section=&#8221;no&#8221; type=&#8221;full_width&#8221; angled_section=&#8221;no&#8221; text_align=&#8221;left&#8221; background_image_as_pattern=&#8221;without_pattern&#8221;][vc_column][\/vc_column][\/vc_row]<\/p>\n<\/div>","protected":false},"excerpt":{"rendered":"<p>[vc_row css_animation=&#8221;&#8221; row_type=&#8221;row&#8221; use_row_as_full_screen_section=&#8221;no&#8221; type=&#8221;grid&#8221; angled_section=&#8221;no&#8221; text_align=&#8221;left&#8221; background_image_as_pattern=&#8221;without_pattern&#8221; z_index=&#8221;&#8221; padding_top=&#8221;30&#8243; padding_bottom=&#8221;30&#8243; transition_delay=&#8221;0.3&#8243;][vc_column][vc_column_text css=&#8221;&#8221;] WHAT TO DO IN ICELAND [\/vc_column_text][vc_empty_space height=&#8221;20px&#8221;][vc_separator type=&#8221;transparent&#8221; down=&#8221;38&#8243; up=&#8221;20&#8243;][\/vc_column][\/vc_row][vc_row css_animation=&#8221;&#8221; row_type=&#8221;row&#8221; use_row_as_full_screen_section=&#8221;no&#8221; type=&#8221;full_width&#8221; angled_section=&#8221;no&#8221; text_align=&#8221;left&#8221; background_image_as_pattern=&#8221;without_pattern&#8221;][vc_column][vc_column_text css=&#8221;&#8221;]I am text block. Click edit button to change this text. Lorem ipsum dolor sit&#8230;<\/p>\n","protected":false},"author":3,"featured_media":0,"parent":0,"menu_order":0,"comment_status":"closed","ping_status":"closed","template":"full_width.php","meta":{"footnotes":""},"class_list":["post-15231","page","type-page","status-publish","hentry"],"_links":{"self":[{"href":"https:\/\/reykjavikhistorichome.webdev.is\/index.php\/wp-json\/wp\/v2\/pages\/15231","targetHints":{"allow":["GET"]}}],"collection":[{"href":"https:\/\/reykjavikhistorichome.webdev.is\/index.php\/wp-json\/wp\/v2\/pages"}],"about":[{"href":"https:\/\/reykjavikhistorichome.webdev.is\/index.php\/wp-json\/wp\/v2\/types\/page"}],"author":[{"embeddable":true,"href":"https:\/\/reykjavikhistorichome.webdev.is\/index.php\/wp-json\/wp\/v2\/users\/3"}],"replies":[{"embeddable":true,"href":"https:\/\/reykjavikhistorichome.webdev.is\/index.php\/wp-json\/wp\/v2\/comments?post=15231"}],"version-history":[{"count":7,"href":"https:\/\/reykjavikhistorichome.webdev.is\/index.php\/wp-json\/wp\/v2\/pages\/15231\/revisions"}],"predecessor-version":[{"id":15818,"href":"https:\/\/reykjavikhistorichome.webdev.is\/index.php\/wp-json\/wp\/v2\/pages\/15231\/revisions\/15818"}],"wp:attachment":[{"href":"https:\/\/reykjavikhistorichome.webdev.is\/index.php\/wp-json\/wp\/v2\/media?parent=15231"}],"curies":[{"name":"wp","href":"https:\/\/api.w.org\/{rel}","templated":true}]}}